{"id":1442,"date":"2025-11-10T20:59:34","date_gmt":"2025-11-10T20:59:34","guid":{"rendered":"https:\/\/agenciadiamante.com\/drvitorpresteslandpage\/?page_id=1442"},"modified":"2025-11-10T21:16:34","modified_gmt":"2025-11-10T21:16:34","slug":"politica-de-privacidade","status":"publish","type":"page","link":"https:\/\/agenciadiamante.com\/drvitorpresteslandpage\/politica-de-privacidade\/","title":{"rendered":"Pol\u00edtica de Privacidade"},"content":{"rendered":"\t\t<div data-elementor-type=\"wp-page\" data-elementor-id=\"1442\" class=\"elementor elementor-1442\" data-elementor-settings=\"{&quot;ha_cmc_init_switcher&quot;:&quot;no&quot;}\" data-elementor-post-type=\"page\">\n\t\t\t\t<div class=\"elementor-element elementor-element-fb4a406 e-flex e-con-boxed e-con e-parent\" data-id=\"fb4a406\" data-element_type=\"container\" data-settings=\"{&quot;_ha_eqh_enable&quot;:false}\">\n\t\t\t\t\t<div class=\"e-con-inner\">\n\t\t\t\t<div class=\"elementor-element elementor-element-b04145c elementor-widget__width-initial animated-slow elementor-invisible elementor-widget elementor-widget-heading\" data-id=\"b04145c\" data-element_type=\"widget\" data-settings=\"{&quot;_animation&quot;:&quot;fadeIn&quot;}\" data-widget_type=\"heading.default\">\n\t\t\t\t<div class=\"elementor-widget-container\">\n\t\t\t\t\t<h2 class=\"elementor-heading-title elementor-size-default\">POL\u00cdTICA DE PRIVACIDADE<\/h2>\t\t\t\t<\/div>\n\t\t\t\t<\/div>\n\t\t\t\t<div class=\"elementor-element elementor-element-6e2dd57 .texto animated-slow elementor-invisible elementor-widget elementor-widget-heading\" data-id=\"6e2dd57\" data-element_type=\"widget\" data-settings=\"{&quot;_animation&quot;:&quot;fadeIn&quot;}\" data-widget_type=\"heading.default\">\n\t\t\t\t<div class=\"elementor-widget-container\">\n\t\t\t\t\t<h2 class=\"elementor-heading-title elementor-size-default\">Esta Pol\u00edtica de Privacidade tem como objetivo informar como os dados pessoais fornecidos por voc\u00ea s\u00e3o coletados, utilizados, armazenados e protegidos durante a utiliza\u00e7\u00e3o desta p\u00e1gina e no processo de contato com o Dr. Vitor Prestes.<\/h2>\t\t\t\t<\/div>\n\t\t\t\t<\/div>\n\t\t\t\t<div class=\"elementor-element elementor-element-96f37e2 .texto animated-slow elementor-invisible elementor-widget elementor-widget-heading\" data-id=\"96f37e2\" data-element_type=\"widget\" data-settings=\"{&quot;_animation&quot;:&quot;fadeIn&quot;}\" data-widget_type=\"heading.default\">\n\t\t\t\t<div class=\"elementor-widget-container\">\n\t\t\t\t\t<h2 class=\"elementor-heading-title elementor-size-default\">Ao preencher formul\u00e1rios, enviar informa\u00e7\u00f5es ou entrar em contato por WhatsApp, voc\u00ea concorda com os termos descritos abaixo.<\/h2>\t\t\t\t<\/div>\n\t\t\t\t<\/div>\n\t\t\t\t\t<\/div>\n\t\t\t\t<\/div>\n\t\t<div class=\"elementor-element elementor-element-f0f2133 e-flex e-con-boxed e-con e-parent\" data-id=\"f0f2133\" data-element_type=\"container\" data-settings=\"{&quot;_ha_eqh_enable&quot;:false}\">\n\t\t\t\t\t<div class=\"e-con-inner\">\n\t\t\t\t<div class=\"elementor-element elementor-element-4269f55 animated-slow elementor-invisible elementor-widget elementor-widget-heading\" data-id=\"4269f55\" data-element_type=\"widget\" data-settings=\"{&quot;_animation&quot;:&quot;fadeIn&quot;}\" data-widget_type=\"heading.default\">\n\t\t\t\t<div class=\"elementor-widget-container\">\n\t\t\t\t\t<h2 class=\"elementor-heading-title elementor-size-default\">1. Dados coletados<\/h2>\t\t\t\t<\/div>\n\t\t\t\t<\/div>\n\t\t\t\t<div class=\"elementor-element elementor-element-0289356 .texto animated-slow elementor-invisible elementor-widget elementor-widget-heading\" data-id=\"0289356\" data-element_type=\"widget\" data-settings=\"{&quot;_animation&quot;:&quot;fadeIn&quot;}\" data-widget_type=\"heading.default\">\n\t\t\t\t<div class=\"elementor-widget-container\">\n\t\t\t\t\t<h2 class=\"elementor-heading-title elementor-size-default\">Podemos coletar dados pessoais como nome, telefone, e-mail, cidade e informa\u00e7\u00f5es relacionadas ao seu problema capilar e objetivo do atendimento.<\/h2>\t\t\t\t<\/div>\n\t\t\t\t<\/div>\n\t\t\t\t<div class=\"elementor-element elementor-element-f7c8a06 .texto animated-slow elementor-invisible elementor-widget elementor-widget-heading\" data-id=\"f7c8a06\" data-element_type=\"widget\" data-settings=\"{&quot;_animation&quot;:&quot;fadeIn&quot;}\" data-widget_type=\"heading.default\">\n\t\t\t\t<div class=\"elementor-widget-container\">\n\t\t\t\t\t<h2 class=\"elementor-heading-title elementor-size-default\">Esses dados poder\u00e3o ser utilizados para an\u00e1lise inicial, retorno de contato, agendamento de avalia\u00e7\u00e3o e comunica\u00e7\u00e3o m\u00e9dica relacionada ao seu interesse.<\/h2>\t\t\t\t<\/div>\n\t\t\t\t<\/div>\n\t\t\t\t\t<\/div>\n\t\t\t\t<\/div>\n\t\t<div class=\"elementor-element elementor-element-5da7f5c e-flex e-con-boxed e-con e-parent\" data-id=\"5da7f5c\" data-element_type=\"container\" data-settings=\"{&quot;_ha_eqh_enable&quot;:false}\">\n\t\t\t\t\t<div class=\"e-con-inner\">\n\t\t\t\t<div class=\"elementor-element elementor-element-a75beb6 animated-slow elementor-invisible elementor-widget elementor-widget-heading\" data-id=\"a75beb6\" data-element_type=\"widget\" data-settings=\"{&quot;_animation&quot;:&quot;fadeIn&quot;}\" data-widget_type=\"heading.default\">\n\t\t\t\t<div class=\"elementor-widget-container\">\n\t\t\t\t\t<h2 class=\"elementor-heading-title elementor-size-default\">2. Uso das informa\u00e7\u00f5es<\/h2>\t\t\t\t<\/div>\n\t\t\t\t<\/div>\n\t\t\t\t<div class=\"elementor-element elementor-element-7560fd1 .texto animated-slow elementor-invisible elementor-widget elementor-widget-heading\" data-id=\"7560fd1\" data-element_type=\"widget\" data-settings=\"{&quot;_animation&quot;:&quot;fadeIn&quot;}\" data-widget_type=\"heading.default\">\n\t\t\t\t<div class=\"elementor-widget-container\">\n\t\t\t\t\t<h2 class=\"elementor-heading-title elementor-size-default\">As informa\u00e7\u00f5es fornecidas ser\u00e3o utilizadas exclusivamente para:<\/h2>\t\t\t\t<\/div>\n\t\t\t\t<\/div>\n\t\t\t\t<div class=\"elementor-element elementor-element-050de75 elementor-widget elementor-widget-text-editor\" data-id=\"050de75\" data-element_type=\"widget\" data-widget_type=\"text-editor.default\">\n\t\t\t\t<div class=\"elementor-widget-container\">\n\t\t\t\t\t\t\t\t\t<ol><li>Contato com o paciente<\/li><li>Orienta\u00e7\u00e3o inicial sobre o caso<\/li><li>Agendamento de consultas presenciais ou online<\/li><li>Envio de informa\u00e7\u00f5es relacionadas a tratamentos capilares, conte\u00fado educacional ou atualiza\u00e7\u00f5es de atendimento<\/li><\/ol>\t\t\t\t\t\t\t\t<\/div>\n\t\t\t\t<\/div>\n\t\t\t\t<div class=\"elementor-element elementor-element-324ad6b .texto animated-slow elementor-invisible elementor-widget elementor-widget-heading\" data-id=\"324ad6b\" data-element_type=\"widget\" data-settings=\"{&quot;_animation&quot;:&quot;fadeIn&quot;}\" data-widget_type=\"heading.default\">\n\t\t\t\t<div class=\"elementor-widget-container\">\n\t\t\t\t\t<h2 class=\"elementor-heading-title elementor-size-default\">N\u00e3o utilizamos seus dados para fins il\u00edcitos, venda de banco de dados ou repasse a terceiros sem consentimento.<\/h2>\t\t\t\t<\/div>\n\t\t\t\t<\/div>\n\t\t\t\t\t<\/div>\n\t\t\t\t<\/div>\n\t\t<div class=\"elementor-element elementor-element-546c94c e-flex e-con-boxed e-con e-parent\" data-id=\"546c94c\" data-element_type=\"container\" data-settings=\"{&quot;_ha_eqh_enable&quot;:false}\">\n\t\t\t\t\t<div class=\"e-con-inner\">\n\t\t\t\t<div class=\"elementor-element elementor-element-0b1f2ae animated-slow elementor-invisible elementor-widget elementor-widget-heading\" data-id=\"0b1f2ae\" data-element_type=\"widget\" data-settings=\"{&quot;_animation&quot;:&quot;fadeIn&quot;}\" data-widget_type=\"heading.default\">\n\t\t\t\t<div class=\"elementor-widget-container\">\n\t\t\t\t\t<h2 class=\"elementor-heading-title elementor-size-default\">3. Compartilhamento de dados<\/h2>\t\t\t\t<\/div>\n\t\t\t\t<\/div>\n\t\t\t\t<div class=\"elementor-element elementor-element-acc961e .texto animated-slow elementor-invisible elementor-widget elementor-widget-heading\" data-id=\"acc961e\" data-element_type=\"widget\" data-settings=\"{&quot;_animation&quot;:&quot;fadeIn&quot;}\" data-widget_type=\"heading.default\">\n\t\t\t\t<div class=\"elementor-widget-container\">\n\t\t\t\t\t<h2 class=\"elementor-heading-title elementor-size-default\">Dados pessoais s\u00f3 ser\u00e3o compartilhados quando necess\u00e1rio para execu\u00e7\u00e3o do atendimento m\u00e9dico (como plataformas de agenda, prontu\u00e1rio, ou sistemas de suporte ao consult\u00f3rio), sempre mantendo sigilo e seguran\u00e7a.<\/h2>\t\t\t\t<\/div>\n\t\t\t\t<\/div>\n\t\t\t\t<div class=\"elementor-element elementor-element-1a622d7 .texto animated-slow elementor-invisible elementor-widget elementor-widget-heading\" data-id=\"1a622d7\" data-element_type=\"widget\" data-settings=\"{&quot;_animation&quot;:&quot;fadeIn&quot;}\" data-widget_type=\"heading.default\">\n\t\t\t\t<div class=\"elementor-widget-container\">\n\t\t\t\t\t<h2 class=\"elementor-heading-title elementor-size-default\">Nenhuma informa\u00e7\u00e3o \u00e9 compartilhada para fins comerciais externos ou publicidade n\u00e3o autorizada.<\/h2>\t\t\t\t<\/div>\n\t\t\t\t<\/div>\n\t\t\t\t\t<\/div>\n\t\t\t\t<\/div>\n\t\t<div class=\"elementor-element elementor-element-672215f e-flex e-con-boxed e-con e-parent\" data-id=\"672215f\" data-element_type=\"container\" data-settings=\"{&quot;_ha_eqh_enable&quot;:false}\">\n\t\t\t\t\t<div class=\"e-con-inner\">\n\t\t\t\t<div class=\"elementor-element elementor-element-ec153a8 animated-slow elementor-invisible elementor-widget elementor-widget-heading\" data-id=\"ec153a8\" data-element_type=\"widget\" data-settings=\"{&quot;_animation&quot;:&quot;fadeIn&quot;}\" data-widget_type=\"heading.default\">\n\t\t\t\t<div class=\"elementor-widget-container\">\n\t\t\t\t\t<h2 class=\"elementor-heading-title elementor-size-default\">4. Seguran\u00e7a e armazenamento<\/h2>\t\t\t\t<\/div>\n\t\t\t\t<\/div>\n\t\t\t\t<div class=\"elementor-element elementor-element-0396711 .texto animated-slow elementor-invisible elementor-widget elementor-widget-heading\" data-id=\"0396711\" data-element_type=\"widget\" data-settings=\"{&quot;_animation&quot;:&quot;fadeIn&quot;}\" data-widget_type=\"heading.default\">\n\t\t\t\t<div class=\"elementor-widget-container\">\n\t\t\t\t\t<h2 class=\"elementor-heading-title elementor-size-default\">Os dados podem ser armazenados em sistemas seguros e plataformas utilizadas pelo profissional, sempre buscando proteger suas informa\u00e7\u00f5es contra acesso n\u00e3o autorizado.<\/h2>\t\t\t\t<\/div>\n\t\t\t\t<\/div>\n\t\t\t\t\t<\/div>\n\t\t\t\t<\/div>\n\t\t<div class=\"elementor-element elementor-element-deef0c4 e-flex e-con-boxed e-con e-parent\" data-id=\"deef0c4\" data-element_type=\"container\" data-settings=\"{&quot;_ha_eqh_enable&quot;:false}\">\n\t\t\t\t\t<div class=\"e-con-inner\">\n\t\t\t\t<div class=\"elementor-element elementor-element-314fc02 animated-slow elementor-invisible elementor-widget elementor-widget-heading\" data-id=\"314fc02\" data-element_type=\"widget\" data-settings=\"{&quot;_animation&quot;:&quot;fadeIn&quot;}\" data-widget_type=\"heading.default\">\n\t\t\t\t<div class=\"elementor-widget-container\">\n\t\t\t\t\t<h2 class=\"elementor-heading-title elementor-size-default\">5. Cookies e tecnologia de rastreamento<\/h2>\t\t\t\t<\/div>\n\t\t\t\t<\/div>\n\t\t\t\t<div class=\"elementor-element elementor-element-25b4979 .texto animated-slow elementor-invisible elementor-widget elementor-widget-heading\" data-id=\"25b4979\" data-element_type=\"widget\" data-settings=\"{&quot;_animation&quot;:&quot;fadeIn&quot;}\" data-widget_type=\"heading.default\">\n\t\t\t\t<div class=\"elementor-widget-container\">\n\t\t\t\t\t<h2 class=\"elementor-heading-title elementor-size-default\">Podemos utilizar cookies e ferramentas de an\u00e1lise para entender o comportamento de navega\u00e7\u00e3o, medir interesse, melhorar experi\u00eancia e otimizar conte\u00fado da p\u00e1gina. Isso n\u00e3o identifica o usu\u00e1rio nominalmente.<\/h2>\t\t\t\t<\/div>\n\t\t\t\t<\/div>\n\t\t\t\t\t<\/div>\n\t\t\t\t<\/div>\n\t\t<div class=\"elementor-element elementor-element-01e47fb e-flex e-con-boxed e-con e-parent\" data-id=\"01e47fb\" data-element_type=\"container\" data-settings=\"{&quot;_ha_eqh_enable&quot;:false}\">\n\t\t\t\t\t<div class=\"e-con-inner\">\n\t\t\t\t<div class=\"elementor-element elementor-element-21b7cbb animated-slow elementor-invisible elementor-widget elementor-widget-heading\" data-id=\"21b7cbb\" data-element_type=\"widget\" data-settings=\"{&quot;_animation&quot;:&quot;fadeIn&quot;}\" data-widget_type=\"heading.default\">\n\t\t\t\t<div class=\"elementor-widget-container\">\n\t\t\t\t\t<h2 class=\"elementor-heading-title elementor-size-default\">6. Direitos do titular<\/h2>\t\t\t\t<\/div>\n\t\t\t\t<\/div>\n\t\t\t\t<div class=\"elementor-element elementor-element-a3b7590 .texto animated-slow elementor-invisible elementor-widget elementor-widget-heading\" data-id=\"a3b7590\" data-element_type=\"widget\" data-settings=\"{&quot;_animation&quot;:&quot;fadeIn&quot;}\" data-widget_type=\"heading.default\">\n\t\t\t\t<div class=\"elementor-widget-container\">\n\t\t\t\t\t<h2 class=\"elementor-heading-title elementor-size-default\">Voc\u00ea pode solicitar, a qualquer momento:<\/h2>\t\t\t\t<\/div>\n\t\t\t\t<\/div>\n\t\t\t\t<div class=\"elementor-element elementor-element-ad82fe5 elementor-widget elementor-widget-text-editor\" data-id=\"ad82fe5\" data-element_type=\"widget\" data-widget_type=\"text-editor.default\">\n\t\t\t\t<div class=\"elementor-widget-container\">\n\t\t\t\t\t\t\t\t\t<ol><li>Acesso aos seus dados<\/li><li data-start=\"2397\" data-end=\"2424\"><p data-start=\"2399\" data-end=\"2424\">Corre\u00e7\u00e3o ou atualiza\u00e7\u00e3o<\/p><\/li><li>Exclus\u00e3o de informa\u00e7\u00f5es enviadas<\/li><li data-start=\"2462\" data-end=\"2492\"><p data-start=\"2464\" data-end=\"2492\">Cancelamento de comunica\u00e7\u00f5es<\/p><\/li><\/ol>\t\t\t\t\t\t\t\t<\/div>\n\t\t\t\t<\/div>\n\t\t\t\t<div class=\"elementor-element elementor-element-e671035 .texto animated-slow elementor-invisible elementor-widget elementor-widget-heading\" data-id=\"e671035\" data-element_type=\"widget\" data-settings=\"{&quot;_animation&quot;:&quot;fadeIn&quot;}\" data-widget_type=\"heading.default\">\n\t\t\t\t<div class=\"elementor-widget-container\">\n\t\t\t\t\t<h2 class=\"elementor-heading-title elementor-size-default\">Para isso, basta solicitar por WhatsApp ou outro canal oficial.<\/h2>\t\t\t\t<\/div>\n\t\t\t\t<\/div>\n\t\t\t\t\t<\/div>\n\t\t\t\t<\/div>\n\t\t<div class=\"elementor-element elementor-element-126ae27 e-flex e-con-boxed e-con e-parent\" data-id=\"126ae27\" data-element_type=\"container\" data-settings=\"{&quot;_ha_eqh_enable&quot;:false}\">\n\t\t\t\t\t<div class=\"e-con-inner\">\n\t\t\t\t<div class=\"elementor-element elementor-element-1dce06c animated-slow elementor-invisible elementor-widget elementor-widget-heading\" data-id=\"1dce06c\" data-element_type=\"widget\" data-settings=\"{&quot;_animation&quot;:&quot;fadeIn&quot;}\" data-widget_type=\"heading.default\">\n\t\t\t\t<div class=\"elementor-widget-container\">\n\t\t\t\t\t<h2 class=\"elementor-heading-title elementor-size-default\">7. Altera\u00e7\u00f5es na pol\u00edtica<\/h2>\t\t\t\t<\/div>\n\t\t\t\t<\/div>\n\t\t\t\t<div class=\"elementor-element elementor-element-08a2fa0 .texto animated-slow elementor-invisible elementor-widget elementor-widget-heading\" data-id=\"08a2fa0\" data-element_type=\"widget\" data-settings=\"{&quot;_animation&quot;:&quot;fadeIn&quot;}\" data-widget_type=\"heading.default\">\n\t\t\t\t<div class=\"elementor-widget-container\">\n\t\t\t\t\t<h2 class=\"elementor-heading-title elementor-size-default\">Esta pol\u00edtica pode ser atualizada a qualquer momento, visando adequa\u00e7\u00e3o legal, t\u00e9cnica ou melhoria de transpar\u00eancia. A vers\u00e3o atual estar\u00e1 sempre publicada nesta p\u00e1gina.<\/h2>\t\t\t\t<\/div>\n\t\t\t\t<\/div>\n\t\t\t\t\t<\/div>\n\t\t\t\t<\/div>\n\t\t<div class=\"elementor-element elementor-element-63872f7 e-flex e-con-boxed e-con e-parent\" data-id=\"63872f7\" data-element_type=\"container\" data-settings=\"{&quot;_ha_eqh_enable&quot;:false}\">\n\t\t\t\t\t<div class=\"e-con-inner\">\n\t\t\t\t<div class=\"elementor-element elementor-element-fd62965 animated-slow elementor-invisible elementor-widget elementor-widget-heading\" data-id=\"fd62965\" data-element_type=\"widget\" data-settings=\"{&quot;_animation&quot;:&quot;fadeIn&quot;}\" data-widget_type=\"heading.default\">\n\t\t\t\t<div class=\"elementor-widget-container\">\n\t\t\t\t\t<h2 class=\"elementor-heading-title elementor-size-default\">8. Contato<\/h2>\t\t\t\t<\/div>\n\t\t\t\t<\/div>\n\t\t\t\t<div class=\"elementor-element elementor-element-85eaaa3 .texto animated-slow elementor-invisible elementor-widget elementor-widget-heading\" data-id=\"85eaaa3\" data-element_type=\"widget\" data-settings=\"{&quot;_animation&quot;:&quot;fadeIn&quot;}\" data-widget_type=\"heading.default\">\n\t\t\t\t<div class=\"elementor-widget-container\">\n\t\t\t\t\t<h2 class=\"elementor-heading-title elementor-size-default\">Para d\u00favidas sobre privacidade, dados pessoais, solicita\u00e7\u00f5es ou exclus\u00f5es, entre em contato pelo WhatsApp dispon\u00edvel na p\u00e1gina.<\/h2>\t\t\t\t<\/div>\n\t\t\t\t<\/div>\n\t\t\t\t\t<\/div>\n\t\t\t\t<\/div>\n\t\t\t\t<\/div>\n\t\t","protected":false},"excerpt":{"rendered":"<p>POL\u00cdTICA DE PRIVACIDADE Esta Pol\u00edtica de Privacidade tem como objetivo informar como os dados pessoais fornecidos por voc\u00ea s\u00e3o coletados, utilizados, armazenados e protegidos durante a utiliza\u00e7\u00e3o desta p\u00e1gina e no processo de contato com o Dr. Vitor Prestes. Ao preencher formul\u00e1rios, enviar informa\u00e7\u00f5es ou entrar em contato por WhatsApp, voc\u00ea concorda com os termos [&hellip;]<\/p>\n","protected":false},"author":1,"featured_media":0,"parent":0,"menu_order":0,"comment_status":"closed","ping_status":"closed","template":"","meta":{"footnotes":""},"class_list":["post-1442","page","type-page","status-publish","hentry"],"_links":{"self":[{"href":"https:\/\/agenciadiamante.com\/drvitorpresteslandpage\/wp-json\/wp\/v2\/pages\/1442","targetHints":{"allow":["GET"]}}],"collection":[{"href":"https:\/\/agenciadiamante.com\/drvitorpresteslandpage\/wp-json\/wp\/v2\/pages"}],"about":[{"href":"https:\/\/agenciadiamante.com\/drvitorpresteslandpage\/wp-json\/wp\/v2\/types\/page"}],"author":[{"embeddable":true,"href":"https:\/\/agenciadiamante.com\/drvitorpresteslandpage\/wp-json\/wp\/v2\/users\/1"}],"replies":[{"embeddable":true,"href":"https:\/\/agenciadiamante.com\/drvitorpresteslandpage\/wp-json\/wp\/v2\/comments?post=1442"}],"version-history":[{"count":10,"href":"https:\/\/agenciadiamante.com\/drvitorpresteslandpage\/wp-json\/wp\/v2\/pages\/1442\/revisions"}],"predecessor-version":[{"id":1452,"href":"https:\/\/agenciadiamante.com\/drvitorpresteslandpage\/wp-json\/wp\/v2\/pages\/1442\/revisions\/1452"}],"wp:attachment":[{"href":"https:\/\/agenciadiamante.com\/drvitorpresteslandpage\/wp-json\/wp\/v2\/media?parent=1442"}],"curies":[{"name":"wp","href":"https:\/\/api.w.org\/{rel}","templated":true}]}}